) = 7*c - 25. Let b(w) = -8*f(w) - 5*n(w). Let x be b(9). What is the highest common factor of 7 and x?
1
Suppose -3*s + 3 + 49 = -2*j, 3*j - 57 = -3*s. Suppose -s*p = -17*p - 15. Calculate the greatest common divisor of p and 165.
15
Let u(w) = 2*w - 5. Let m be u(10). What is the highest common divisor of m and 165?
15
Let z(n) = -8*n - 5. Let v be z(-2). Calculate the highest common divisor of 44 and v.
11
Let t(h) = h**3 - 3*h**2 - 2*h - 10. Let l be t(5). Calculate the highest common divisor of 15 and l.
15
Let h(b) = b**2 - 1. Let c be h(-5). Calculate the greatest common factor of c and 264.
24
Let s be (-9)/(-3)*256/12. Let f be ((-2)/4)/((-4)/s). Let a be 112/3*3/2. Calculate the highest common divisor of f and a.
8
Suppose -220 = 3*f - 1576. Suppose 71 + 413 = 2*q - 5*y, -f = -2*q - 3*y. What is the highest common divisor of 29 and q?
29
Let j = -17 + 26. Let o(d) = 2*d**2 - 4*d + 3. Let f be o(2). What is the greatest common factor of f and j?
3
Suppose -3*t = -33 - 147. Let v = t - 24. What is the highest common factor of 54 and v?
18
Suppose -3*a - 4*x + 24 = -x, 2*a - 17 = -3*x. What is the greatest common divisor of a and 56?
7
Let w be -2*(1*-3 + 0). Let m be w/9*-1*-105. Suppose -2*n - 5*v + 8 = -10*v, 3*v = 2*n - 16. Calculate the highest common divisor of n and m.
14
Suppose -5*b - w - w = -205, -91 = -2*b + w. Let n = b - 11. Calculate the greatest common divisor of 192 and n.
32
Let x be 1*(1 + -2)*(40 + -326). What is the highest common divisor of 13 and x?
13
Let f be (-2)/11 + 3285/99. Let y = f - 19. Let h be 39 + 2 - 1*-1. What is the greatest common divisor of h and y?
14
Let h be ((-45)/(-10))/((-1)/(-4)). Calculate the greatest common factor of 45 and h.
9
Suppose i + 63 = 2*i. What is the greatest common divisor of 9 and i?
9
Suppose 8 = -k - 3*k. Let f be -1 - (k - (-1 + 33)). Suppose f = 6*n - 3*n. Calculate the greatest common factor of n and 22.
11
Suppose s - 3 = -0. Let o = s + 0. Suppose -30 = -o*z + 36. What is the greatest common divisor of 2 and z?
2
Suppose 4*k - 5*k = -36. Suppose -15 = -b + 4*b, -5*c = -4*b - 110. What is the greatest common factor of k and c?
18
Let n(m) = m + 5. Let p be n(-7). Let s be p/(-2*(-2)/(-14)). Calculate the highest common factor of s and 1.
1
Let b(m) = -4*m - 1. Let r be b(-4). Let v be -3 + (184/2 - -1). What is the greatest common divisor of v and r?
15
Let y(n) = 2 - 6*n + 2*n + 8*n**2 + 0*n - n**3 - n. Let v be y(7). What is the highest common divisor of 4 and v?
4
Let s be (4/((-8)/(-35)))/((-1)/(-6)). What is the greatest common factor of 7 and s?
7
Suppose 399 = -5*l - 261. Let z be (6/4)/((-3)/l). What is the highest common divisor of 6 and z?
6
Let q be (-15)/(0 + -3) - 0. Let s = -3 - -13. Calculate the highest common divisor of s and q.
5
Suppose -3*u - 5 - 13 = 0. Let h be -1 + -1 + (u - -17). What is the greatest common factor of h and 63?
9
Let b be (-45)/(-12) + (-2)/(-8). Suppose -2*v = 4*d - 128, b*d - 5*v = -3*v + 112. Calculate the greatest common factor of 10 and d.
10
Let o = 26 - 1. Let k(m) = -m**3 + 6*m**2 - 5*m - 2. Let g be k(4). What is the highest common divisor of o and g?
5
Suppose 4*j - 26 = 30. Let m = j - 8. Let o = 14 - m. Calculate the greatest common divisor of o and 40.
8
Let n(i) = 3*i**2 - i. Let a be n(1). Suppose 3*j = -3*f + 48, 1 = a*j - 1. What is the highest common factor of f and 6?
3
Let b = 10 - -4. Let p = 7 - -7. Calculate the greatest common divisor of p and b.
14
Let t(g) = 6*g - 1. Let h be t(2). Let o be h - (-3 + (-2)/(-1)). Let w be 1/(-4) - (-1058)/8. Calculate the greatest common divisor of w and o.
12
Let w(b) = -15*b**2 + b - 1. Let h(g) = -g + 5. Let x be h(4). Let t be w(x). Let p be (-77)/(-5) - (-6)/t. What is the greatest common factor of 135 and p?
15
Let j(b) = -3*b + 1. Let i be j(-6). Let s(d) = -17*d - 16. Let p be s(-11). Calculate the highest common factor of p and i.
19
Suppose -6 = -3*k, 0 = -7*u + 3*u + 2*k + 744. What is the greatest common factor of u and 17?
17
Suppose -r = -2 - 4. Let i(a) be the third derivative of a**4/24 + 2*a**3/3 - a**2. Let g be i(r). What is the greatest common divisor of 80 and g?
10
Let k(j) = 9*j + 4. Let h be k(2). What is the highest common factor of 22 and h?
22
Let r be 5/(15/(-6)) + -3 + 119. What is the greatest common factor of 6 and r?
6
Suppose -2*n + 17 = -n. Calculate the greatest common factor of n and 85.
17
Suppose 0 = -o + 6. Let t = o - -3. Calculate the greatest common factor of t and 99.
9
Suppose 2*f - 4*s = 38, 0*f - 4*f - 3*s = -32. Suppose -11 - 66 = -7*j. Calculate the highest common factor of j and f.
11
Let r(f) = 18*f**2 - f. Let s = 1 + 1. Let c be r(s). Let q be (-114)/(-8) - ((-33)/12)/(-11). What is the greatest common divisor of c and q?
14
Suppose 6*g + 40 - 112 = 0. Let f = 33 + 15. Calculate the highest common factor of g and f.
12
Let c(r) = -r**2 + r + 2. Let v be c(3). Let s be (0 + v)*(-3)/(-6). Let o be 4*2 + s - 2. Calculate the highest common factor of o and 6.
2
Let c(a) = 17*a**2 - 1. Let m be c(1). Let p(f) = 4*f**2 - 6*f - 10. Let v be p(7). What is the greatest common factor of m and v?
16
Suppose 3*y = -5*m + 125, 0 = -2*y + 2*m - m + 105. Suppose 3*v - 34 = 41. What is the greatest common divisor of v and y?
25
Let u(w) = -w**2 - 8*w - 7. Let v be u(-7). Let y = v - -2. Let k(r) = 4*r - 2. Let j be k(y). What is the greatest common factor of 2 and j?
2
Suppose 0 = 2*q + 2*q - 36. What is the greatest common factor of q and 18?
9
Let a = -40 - -85. Calculate the highest common factor of 5 and a.
5
Let q(x) = x**3 + 15*x**2 - 33*x + 19. Let y be q(-17). Let r = 200 - 70. Suppose -4*f = -y*f - r. Calculate the greatest common factor of f and 13.
13
Suppose -2*s + 5*o = 19 - 51, -3*s = 4*o - 2. What is the highest common divisor of s and 15?
3
Suppose 5*f + 2 - 22 = 0. Let a(n) = -n**3 - 7*n**2 - 7*n + 10. Let k be a(-6). Calculate the greatest common divisor of f and k.
4
Suppose -j = f + 2*j - 45, 3*f - 4*j - 122 = 0. What is the greatest common divisor of 6 and f?
6
Let w = 10 - 3. Let r(y) = -y**2 + 6*y + 8. Let t be r(w). Let o = 6 + 5. Calculate the greatest common factor of t and o.
1
Let x = 168 + -124. Let m be 201/3 + -1*1. Calculate the highest common factor of x and m.
22
Let a = -7 - -9. Suppose a*w + 16 = 4*w. What is the greatest common factor of w and 8?
8
Suppose -340 = -4*u - 4*a, -2*a - 20 = 2*a. What is the greatest common factor of u and 10?
10
Suppose -t + 58 = -y, 2*t - 4*y = y + 101. Let a be 0 + t + 3 + -2. Calculate the highest common factor of 8 and a.
8
Let m = 54 - 19. Let x be 5/1*1176/m. What is the greatest common factor of 21 and x?
21
Suppose -4*f - 58 + 14 = 0. Let u = 30 + f. Calculate the highest common factor of u and 95.
19
Let j(d) = 19*d + 11. Let v be j(5). Let m = 44 + -96. Let b = v + m. What is the highest common factor of b and 6?
6
Let r be (1 + 0)/1 + 3. Suppose -20 = -r*u + 20. What is the greatest common factor of u and 10?
10
Suppose i = -4*i + 255. Let y be ((-17)/(-1))/(1/8). Suppose -y = -u - 3*u. What is the greatest common factor of i and u?
17
Suppose 5*u = 7*u - 4. Suppose u*y - 24 = -2*y. What is the highest common factor of y and 15?
3
Let n be -1*1/4*-12. Calculate the greatest common factor of 2 and n.
1
Let b = -6 - -10. Suppose -d + 29 = 2*y, -4*y - b = -3*d - 67. What is the highest common divisor of 30 and y?
15
Suppose -4*b + 7*h = 3*h - 48, -2*b - 3*h = -34. What is the greatest common divisor of 154 and b?
14
Let f be (-942)/(-9) - (-2)/6. Let d be f/7 + 0 + 0. What is the greatest common factor of 3 and d?
3
Suppose -3*i - 98 = -4*h, -3*h - 22 = -4*h + 2*i. Calculate the highest common factor of h and 2.
2
Let u be (2/(-4))/(1/(-6)). Suppose -4*y = u*g - 202, 0 = -0*y + 3*y + 5*g - 157. Let t be -2 - (0 + 2 + -11). Calculate the highest common factor of t and y.
7
Let o = 0 + -2. Let k be (8/(-3))/(o/3). Suppose -2*x = k, 0*x + x + 46 = 2*a. Calculate the greatest common factor of a and 11.
11
Suppose 4*i = -c + 20, -3*i = -i + 4. Let y = -252 + 266. Calculate the greatest common divisor of c and y.
14
Let f = 17 + -14. Suppose -3*i + 0 + 2 = 4*s, 0 = -3*i - 2*s + 10. Calculate the highest common divisor of i and f.
3
Let a(s) = -s**3 - 7*s**2 - 6*s